hat is the units digit of z?
5
Let t be -3 + (1 - 3) - 0. Let p = t - -8. What is the units digit of p?
3
Let g = 103 + -66. What is the units digit of g?
7
Suppose -21*l + 25*l = 660. What is the units digit of l?
5
Suppose 0 = -z - z + 5*g + 82, 4*g + 109 = 3*z. Let s = 55 - z. Suppose -s = -2*k - 2*k. What is the units digit of k?
6
Suppose -3*n - 129 = -3*r, -2*r + 5*n = -123 + 22. What is the units digit of r?
8
Suppose -2*n + c = -0*n, -4*n + 3*c - 4 = 0. What is the tens digit of (-4)/(-6)*36/n?
1
Let h(o) = o**2 + 9*o + 4. Let w(l) = -l**2 - 10*l - 3. Let s(u) = 5*h(u) + 4*w(u). What is the tens digit of s(-6)?
1
Let q(u) = u**3 + 4*u**2 + 2*u. Let w be q(-2). Let x be 2/1*7/2. Let n = x - w. What is the units digit of n?
3
Let m be -1*14/8*8. What is the units digit of (-66)/(-14) - 4/m?
5
Let u = -26 + 72. What is the tens digit of u?
4
Let p(a) be the second derivative of a**3/6 + 5*a**2/2 - a. Let o be p(0). Suppose -l + 5*g - 4 = 0, -l + o*g - 84 = -5*l. What is the tens digit of l?
1
Suppose -2*o + 8 = 2*o. Let s(y) = y + 5*y + 2 - 3 - 1. What is the units digit of s(o)?
0
Suppose 0*d - 2*d + 8 = 0. Suppose -45 = -d*b - b. What is the units digit of b?
9
Suppose 3*q = x + 8, 2 - 5 = -3*x. Suppose -a + q = 0, 2*k + 5*a - 9 - 30 = 0. What is the units digit of ((-4)/k)/(2/(-30))?
5
Suppose -11 - 9 = 4*g. Let i = g - -1. What is the units digit of (-56)/(-10)*(-10)/i?
4
Suppose -2*h + 4*g = -78, 137 = -3*h + 6*h + 4*g. What is the tens digit of h?
4
What is the units digit of ((-3)/(-6))/(4/8)?
1
Suppose 4*h - 5 = -5*o - 4, 2*h + 4*o + 4 = 0. Suppose -h*b + 81 = 5*r, -r + 22 = r - b. What is the tens digit of r?
1
Suppose 2*x + 3*f + 75 = 5*x, -3*x + 78 = -4*f. Suppose k - 10 = x. What is the units digit of k?
2
Suppose -5*u - 4*i + 75 = 0, -5*i + 0 = 5*u - 75. What is the tens digit of u?
1
Let o = 9 - 11. What is the tens digit of (-4)/o - 0 - -11?
1
Let s be 1/(-3) - 75/(-9). Suppose 0 = 4*d + 3*b + 1, s = -3*d + 5*b + 29. What is the units digit of d?
2
Let k = 16 - 13. What is the tens digit of ((-15)/k - -3)*-14?
2
Let k(b) = -b**3 + 6*b**2 - 3*b + 1. Let s be k(5). Suppose r = -4*n - 0*r + 23, -2*n - r + s = 0. What is the units digit of n?
6
Suppose -4*x + 53 = -31. What is the tens digit of x?
2
Let o(q) = -q**3 + q**2 + q + 1. Let n be o(0). Let c be (-5)/((-15)/6) - n. What is the units digit of (-2)/(-6)*(7 - c)?
2
Let p = -34 + 72. What is the tens digit of (-1)/(-2 - p/(-20))?
1
Let l(k) = k**2 - 9*k + 4. What is the tens digit of l(10)?
1
Suppose 1 = -5*n + 6. What is the units digit of n?
1
Suppose 0 = 4*i + 4, -4*k = -3*i + 7*i - 84. What is the units digit of k?
2
Suppose 5*s - 2*p - 9 = -3*p, -3*s + 2*p + 8 = 0. Suppose 5*t + 4*o - 49 = s*o, -t + 2*o = -5. What is the units digit of t?
9
Suppose 3*b - 22 = 2. What is the units digit of b?
8
Let v be ((-112)/40)/((-4)/10). Suppose 0 = q + 3, -2*m + v*m = 5*q + 35. What is the units digit of m?
4
Let i(h) = h**3 - 20*h**2 + 21*h - 37. What is the units digit of i(19)?
1
Let w(j) = 4*j - 7. What is the units digit of w(4)?
9
Let p(j) = j + 2. Let u(i) = 1. Let c(s) = -p(s) + 3*u(s). Let v be c(-3). Suppose -v*o + 7 + 17 = 0. What is the units digit of o?
6
Suppose -25 = 2*v - 5. Suppose -21 + 3 = y. What is the units digit of y/(-5)*(-25)/v?
9
What is the hundreds digit of (-5)/20 - (-861)/4?
2
Let d be ((-1)/(-3))/(5/75). Let h(r) = 2 + 4*r**2 - d*r + 0*r**2 + r**2 - 3*r**2. What is the units digit of h(3)?
5
Let q(c) = -2*c + 21. What is the tens digit of q(-15)?
5
Suppose 413 = 4*g - x, -5*g + 0*x - 5*x + 485 = 0. What is the hundreds digit of g?
1
Let d(i) = -i**2 - 16*i - 4. Let v be d(-11). Suppose 4*s - v = s. What is the tens digit of s?
1
Let a(n) = -2*n - 7. Let j(v) = -v**2 + 4*v + 5. Let b be j(7). Let h = b + 9. What is the units digit of a(h)?
7
Let c(n) = 34*n + 4. What is the hundreds digit of c(4)?
1
What is the units digit of (5 + 789/(-12))/((-1)/4)?
3
Let x be -1 + 0 - (-54)/(-6). Let d(t) = -t - 5. Let c be d(x). Suppose 10*p - 55 = c*p. What is the tens digit of p?
1
Let a(y) = y**3 + y**2 + y. Let o be a(0). Suppose 3*i - 3 = -o*i. Suppose 4*g - 4 = 0, -s + 3*g + i = -0. What is the units digit of s?
4
Suppose 449 = 5*f + 4*t, 2*f = -f + 4*t + 263. What is the tens digit of f?
8
Let r(m) = 9*m - 5. Let g(v) = 18*v - 11. Let n(w) = 4*g(w) - 9*r(w). What is the tens digit of n(-1)?
1
Let p be -13*(2/2 + -2). Suppose 15 = -0*a + 5*a. Let j = p - a. What is the tens digit of j?
1
Suppose 4*f = 6*f - 42. Let i = 0 + 3. Suppose 5*r - 5*q = 5, 4*r - f = -r - i*q. What is the units digit of r?
3
Let y be (-3)/6 + 7/2. Suppose -y*z - 2*n = -17, 0*z = -z - 5*n - 16. What is the units digit of z?
9
Suppose 3*v + 3*q - 37 = 2*v, 2*v - q = 102. What is the units digit of v?
9
Let u = -5 - -7. Suppose w + 0*w + 2*y = 17, -y + u = 0. What is the units digit of w?
3
Let y(d) = -d + 2. Let z be y(-3). Let t = -11 + z. What is the units digit of 2/6 + (-28)/t?
5
What is the units digit of (-11 - -291)*(-6)/(-7)?
0
Suppose -5*v - 2*t = -36, -3*v + 8 = -v + 4*t. Let n(r) = -r - 2. Let m be n(-5). Suppose m*k = -v + 41. What is the tens digit of k?
1
Let r be (-1)/4 - (-69)/(-12). Let k = 32 + -47. Let o = r - k. What is the units digit of o?
9
Suppose 0*q = -2*q + 2. Suppose 5*l + q = -4. What is the units digit of (l + 0/(-1))*-11?
1
Let v(g) = 2*g**3 + g**2 - 2*g + 2. Suppose -5 = -5*l + r, 3*l + 6 = l + 2*r. Suppose -2*z = -3*z + l. What is the tens digit of v(z)?
1
Let o = -21 + 24. Suppose 3*h - 11 - 4 = 0. Let g = h - o. What is the units digit of g?
2
Suppose -2*r + 3*r - 13 = -5*c, 3*r = c + 7. Suppose 0 = -c*x - x + 63. Suppose -4*i + 16 = -2*u, 0*u - x = 2*u - 5*i. What is the units digit of u?
2
Suppose -3*x + 531 = 5*y, -4*x + 1 - 13 = 0. What is the tens digit of y?
0
Let q(k) = -k + 2. Suppose -a + 6 = -7*p + 6*p, a + 12 = -5*p. Let o be q(p). Suppose -14 - 56 = -o*r. What is the units digit of r?
4
Let c(o) = 3*o - 2. Let a(q) = 3*q - 1. Let p(k) = 3*a(k) - 2*c(k). What is the units digit of p(1)?
4
Let g(f) be the third derivative of -f**6/120 - f**5/30 - f**3/2 - f**2. Let n(w) = w**3 - w + 1. Let q(o) = g(o) + 2*n(o). What is the units digit of q(3)?
2
Suppose 4*w = -5*d + 196, 2*d = 4*w - d - 228. What is the units digit of w?
4
Suppose 5*n = 0, -w = -4*w + 4*n + 504. What is the hundreds digit of w?
1
Suppose 3 - 19 = -4*n. Suppose -2*q - 6 = 3*x + q, -26 = -5*x + n*q. Suppose -x*s + 6 = -4*y, 5*s + 3*y - 33 = 47. What is the tens digit of s?
1
Let s(f) = 2*f + 10. Let c be s(-15). Let d = 3 - c. What is the tens digit of d?
2
What is the hundreds digit of 148/((-4)/(-10) - (-51)/85)?
1
Let y = -32 - -7. Let s = y + 40. What is the tens digit of s?
1
Let x be (1 - 0) + 22 + 1. Suppose 30 = -5*l - 8*f + 3*f, 0 = 5*l - f + x. Let k = l + 9. What is the units digit of k?
4
Suppose 0 = 10*r - 2516 + 386. What is the tens digit of r?
1
Let v be ((-2)/5)/((-7)/70). Suppose -4*b + 42 = -0*b - 3*l, 5*b + v*l - 68 = 0. What is the tens digit of b?
1
Let v(p) = -p**2 + 11*p - 3. Let m be v(10). Let h = m - -25. What is the tens digit of h?
3
Let p = 82 - 50. What is the units digit of (-3)/((-6)/p) + -3?
3
Let a(l) = -l**2 + 11*l - 4. Let p be a(8). Suppose -3*w + 2*w = 4*d - 4, 3*w + 22 = 5*d. What is the tens digit of 235/p + d/8?
1
Let z(p) = 2*p - 5. Suppose -5*b = -33 - 2. Let o be z(b). What is the tens digit of ((-32)/(-6))/(3/o)?
1
Suppose 0 = 5*g + 3*l - 461, 2*g = 5*g + 5*l - 267. What is the units digit of g?
4
Let c(z) be the first derivative of z**4/4 + 3*z**3 - z**2/2 + 3*z + 4. What is the tens digit of c(-9)?
1
Let w = 1 - 14. What is the units digit of (-3)/(-3) - w/1?
4
Let v = -19 - -47. Let r = v - 20. Suppose -3*p - 75 = -r*p. What is the units digit of p?
5
Let t(u) = -u**3 - 3*u**2 + u. What is the tens digit of t(-4)?
1
Suppose -4*p - 14 = -2*p + 5*r, 4*r + 16 = 0. Let g(f) = -f**3 - 8*f**2 - 2. Let s be g(-8). Let b = p + s. What is the units digit of b?
1
Let f be 22/5 + (-4)/10. Let x = 7 - 7. Suppose 17 = 3*j + f*r, x = 4*j + 2*r - 6 - 10. What is the units digit of j?
3
Let z = 50 + -30. Let r = z + 9. What is the units digit of r?
9
Let g(m) = -9*m - 2. Let v be g(6). Let s = -80 - v. Let h = -11 - s. What is the units 